{"id":6499,"date":"2024-12-26T12:35:25","date_gmt":"2024-12-26T11:35:25","guid":{"rendered":"https:\/\/tienda.durangohogar.com\/?post_type=product&#038;p=6499"},"modified":"2024-12-26T12:35:25","modified_gmt":"2024-12-26T11:35:25","slug":"alfombra-bano-crochet-aqua","status":"publish","type":"product","link":"https:\/\/tienda.durangohogar.com\/eus\/produktua\/alfombra-bano-crochet-aqua\/","title":{"rendered":"ALFOMBRA BA\u00d1O CROCHET AQUA"},"content":{"rendered":"<p><strong>Alfombra de Ba\u00f1o 50&#215;80 cm &#8211; Doble Cara de Algod\u00f3n<\/strong><\/p>\n<p>A\u00f1ade confort y estilo a tu ba\u00f1o con esta alfombra de algod\u00f3n de doble cara. Su dise\u00f1o vers\u00e1til y suave al tacto la hace ideal para cualquier decoraci\u00f3n.<\/p>\n<ul>\n<li><strong>Medidas:<\/strong> 50&#215;80 cm.<\/li>\n<li><strong>Material:<\/strong> 100% algod\u00f3n, absorbente y c\u00f3modo.<\/li>\n<li><strong>Doble cara:<\/strong> \u00dasala por ambos lados para mayor duraci\u00f3n.<\/li>\n<\/ul>\n<p>F\u00e1cil de lavar y perfecta para mantener tus pies secos y c\u00e1lidos al salir de la ducha. \u00a1Funcionalidad y elegancia para tu ba\u00f1o!<\/p>","protected":false},"excerpt":{"rendered":"<p><strong>Alfombra de Ba\u00f1o 50&#215;80 cm &#8211; Doble Cara de Algod\u00f3n<\/strong><\/p>\n<p>A\u00f1ade confort y estilo a tu ba\u00f1o con esta alfombra de algod\u00f3n de doble cara. Su dise\u00f1o vers\u00e1til y suave al tacto la hace ideal para cualquier decoraci\u00f3n.<\/p>\n<ul>\n<li><strong>Medidas:<\/strong> 50&#215;80 cm.<\/li>\n<li><strong>Material:<\/strong> 100% algod\u00f3n, absorbente y c\u00f3modo.<\/li>\n<li><strong>Doble cara:<\/strong> \u00dasala por ambos lados para mayor duraci\u00f3n.<\/li>\n<\/ul>\n<p>F\u00e1cil de lavar y perfecta para mantener tus pies secos y c\u00e1lidos al salir de la ducha. \u00a1Funcionalidad y elegancia para tu ba\u00f1o!<\/p>","protected":false},"featured_media":6500,"comment_status":"open","ping_status":"closed","template":"","meta":[],"product_brand":[],"product_cat":[327],"product_tag":[],"class_list":{"0":"post-6499","1":"product","2":"type-product","3":"status-publish","4":"has-post-thumbnail","6":"product_cat-alfombra-bano","8":"first","9":"instock","10":"taxable","11":"shipping-taxable","12":"purchasable","13":"product-type-simple"},"yoast_head":"<!-- This site is optimized with the Yoast SEO plugin v27.6 - https:\/\/yoast.com\/product\/yoast-seo-wordpress\/ -->\n<title>ALFOMBRA BA\u00d1O CROCHET AQUA - Durango Hogar<\/title>\n<meta name=\"robots\" content=\"index, follow, max-snippet:-1, max-image-preview:large, max-video-preview:-1\" \/>\n<link rel=\"canonical\" href=\"https:\/\/tienda.durangohogar.com\/eus\/produktua\/alfombra-bano-crochet-aqua\/\" \/>\n<meta property=\"og:locale\" content=\"en_US\" \/>\n<meta property=\"og:type\" content=\"article\" \/>\n<meta property=\"og:title\" content=\"ALFOMBRA BA\u00d1O CROCHET AQUA - Durango Hogar\" \/>\n<meta property=\"og:description\" content=\"Alfombra de Ba\u00f1o 50x80 cm - Doble Cara de Algod\u00f3n  A\u00f1ade confort y estilo a tu ba\u00f1o con esta alfombra de algod\u00f3n de doble cara. Su dise\u00f1o vers\u00e1til y suave al tacto la hace ideal para cualquier decoraci\u00f3n.   Medidas: 50x80 cm.  Material: 100% algod\u00f3n, absorbente y c\u00f3modo.  Doble cara: \u00dasala por ambos lados para mayor duraci\u00f3n.  F\u00e1cil de lavar y perfecta para mantener tus pies secos y c\u00e1lidos al salir de la ducha. \u00a1Funcionalidad y elegancia para tu ba\u00f1o!\" \/>\n<meta property=\"og:url\" content=\"https:\/\/tienda.durangohogar.com\/eus\/produktua\/alfombra-bano-crochet-aqua\/\" \/>\n<meta property=\"og:site_name\" content=\"Durango Hogar\" \/>\n<meta property=\"og:image\" content=\"https:\/\/tienda.durangohogar.com\/wp-content\/uploads\/2024\/12\/Crochet-401-aqua.webp\" \/>\n\t<meta property=\"og:image:width\" content=\"911\" \/>\n\t<meta property=\"og:image:height\" content=\"588\" \/>\n\t<meta property=\"og:image:type\" content=\"image\/webp\" \/>\n<meta name=\"twitter:card\" content=\"summary_large_image\" \/>\n<meta name=\"twitter:label1\" content=\"Est. reading time\" \/>\n\t<meta name=\"twitter:data1\" content=\"1 minutua\" \/>\n<script type=\"application\/ld+json\" class=\"yoast-schema-graph\">{\"@context\":\"https:\\\/\\\/schema.org\",\"@graph\":[{\"@type\":\"WebPage\",\"@id\":\"https:\\\/\\\/tienda.durangohogar.com\\\/producto\\\/alfombra-bano-crochet-aqua\\\/\",\"url\":\"https:\\\/\\\/tienda.durangohogar.com\\\/producto\\\/alfombra-bano-crochet-aqua\\\/\",\"name\":\"ALFOMBRA BA\u00d1O CROCHET AQUA - Durango Hogar\",\"isPartOf\":{\"@id\":\"https:\\\/\\\/tienda.durangohogar.com\\\/#website\"},\"primaryImageOfPage\":{\"@id\":\"https:\\\/\\\/tienda.durangohogar.com\\\/producto\\\/alfombra-bano-crochet-aqua\\\/#primaryimage\"},\"image\":{\"@id\":\"https:\\\/\\\/tienda.durangohogar.com\\\/producto\\\/alfombra-bano-crochet-aqua\\\/#primaryimage\"},\"thumbnailUrl\":\"https:\\\/\\\/tienda.durangohogar.com\\\/wp-content\\\/uploads\\\/2024\\\/12\\\/Crochet-401-aqua.webp\",\"datePublished\":\"2024-12-26T11:35:25+00:00\",\"breadcrumb\":{\"@id\":\"https:\\\/\\\/tienda.durangohogar.com\\\/producto\\\/alfombra-bano-crochet-aqua\\\/#breadcrumb\"},\"inLanguage\":\"eu\",\"potentialAction\":[{\"@type\":\"ReadAction\",\"target\":[\"https:\\\/\\\/tienda.durangohogar.com\\\/producto\\\/alfombra-bano-crochet-aqua\\\/\"]}]},{\"@type\":\"ImageObject\",\"inLanguage\":\"eu\",\"@id\":\"https:\\\/\\\/tienda.durangohogar.com\\\/producto\\\/alfombra-bano-crochet-aqua\\\/#primaryimage\",\"url\":\"https:\\\/\\\/tienda.durangohogar.com\\\/wp-content\\\/uploads\\\/2024\\\/12\\\/Crochet-401-aqua.webp\",\"contentUrl\":\"https:\\\/\\\/tienda.durangohogar.com\\\/wp-content\\\/uploads\\\/2024\\\/12\\\/Crochet-401-aqua.webp\",\"width\":911,\"height\":588},{\"@type\":\"BreadcrumbList\",\"@id\":\"https:\\\/\\\/tienda.durangohogar.com\\\/producto\\\/alfombra-bano-crochet-aqua\\\/#breadcrumb\",\"itemListElement\":[{\"@type\":\"ListItem\",\"position\":1,\"name\":\"Portada\",\"item\":\"https:\\\/\\\/tienda.durangohogar.com\\\/\"},{\"@type\":\"ListItem\",\"position\":2,\"name\":\"Tienda\",\"item\":\"https:\\\/\\\/tienda.durangohogar.com\\\/\"},{\"@type\":\"ListItem\",\"position\":3,\"name\":\"ALFOMBRA BA\u00d1O CROCHET AQUA\"}]},{\"@type\":\"WebSite\",\"@id\":\"https:\\\/\\\/tienda.durangohogar.com\\\/#website\",\"url\":\"https:\\\/\\\/tienda.durangohogar.com\\\/\",\"name\":\"Durango Hogar\",\"description\":\"Venta de cortinas, toallas, mantas, alfombras a medida, n\u00f3rdicos y mucho m\u00e1s solo el Durango Hogar. \u00bfA qu\u00e9 esperas para visitarnos?\",\"publisher\":{\"@id\":\"https:\\\/\\\/tienda.durangohogar.com\\\/#organization\"},\"potentialAction\":[{\"@type\":\"SearchAction\",\"target\":{\"@type\":\"EntryPoint\",\"urlTemplate\":\"https:\\\/\\\/tienda.durangohogar.com\\\/?s={search_term_string}\"},\"query-input\":{\"@type\":\"PropertyValueSpecification\",\"valueRequired\":true,\"valueName\":\"search_term_string\"}}],\"inLanguage\":\"eu\"},{\"@type\":\"Organization\",\"@id\":\"https:\\\/\\\/tienda.durangohogar.com\\\/#organization\",\"name\":\"Durango Hogar\",\"url\":\"https:\\\/\\\/tienda.durangohogar.com\\\/\",\"logo\":{\"@type\":\"ImageObject\",\"inLanguage\":\"eu\",\"@id\":\"https:\\\/\\\/tienda.durangohogar.com\\\/#\\\/schema\\\/logo\\\/image\\\/\",\"url\":\"https:\\\/\\\/tienda.durangohogar.com\\\/wp-content\\\/uploads\\\/2024\\\/04\\\/cropped-DURANGO-HOGAR_Mesa-de-trabajo-1-1.png\",\"contentUrl\":\"https:\\\/\\\/tienda.durangohogar.com\\\/wp-content\\\/uploads\\\/2024\\\/04\\\/cropped-DURANGO-HOGAR_Mesa-de-trabajo-1-1.png\",\"width\":1920,\"height\":816,\"caption\":\"Durango Hogar\"},\"image\":{\"@id\":\"https:\\\/\\\/tienda.durangohogar.com\\\/#\\\/schema\\\/logo\\\/image\\\/\"}}]}<\/script>\n<!-- \/ Yoast SEO plugin. -->","yoast_head_json":{"title":"ALFOMBRA BA\u00d1O CROCHET AQUA - Durango Hogar","robots":{"index":"index","follow":"follow","max-snippet":"max-snippet:-1","max-image-preview":"max-image-preview:large","max-video-preview":"max-video-preview:-1"},"canonical":"https:\/\/tienda.durangohogar.com\/eus\/produktua\/alfombra-bano-crochet-aqua\/","og_locale":"en_US","og_type":"article","og_title":"ALFOMBRA BA\u00d1O CROCHET AQUA - Durango Hogar","og_description":"Alfombra de Ba\u00f1o 50x80 cm - Doble Cara de Algod\u00f3n  A\u00f1ade confort y estilo a tu ba\u00f1o con esta alfombra de algod\u00f3n de doble cara. Su dise\u00f1o vers\u00e1til y suave al tacto la hace ideal para cualquier decoraci\u00f3n.   Medidas: 50x80 cm.  Material: 100% algod\u00f3n, absorbente y c\u00f3modo.  Doble cara: \u00dasala por ambos lados para mayor duraci\u00f3n.  F\u00e1cil de lavar y perfecta para mantener tus pies secos y c\u00e1lidos al salir de la ducha. \u00a1Funcionalidad y elegancia para tu ba\u00f1o!","og_url":"https:\/\/tienda.durangohogar.com\/eus\/produktua\/alfombra-bano-crochet-aqua\/","og_site_name":"Durango Hogar","og_image":[{"width":911,"height":588,"url":"https:\/\/tienda.durangohogar.com\/wp-content\/uploads\/2024\/12\/Crochet-401-aqua.webp","type":"image\/webp"}],"twitter_card":"summary_large_image","twitter_misc":{"Est. reading time":"1 minutua"},"schema":{"@context":"https:\/\/schema.org","@graph":[{"@type":"WebPage","@id":"https:\/\/tienda.durangohogar.com\/producto\/alfombra-bano-crochet-aqua\/","url":"https:\/\/tienda.durangohogar.com\/producto\/alfombra-bano-crochet-aqua\/","name":"ALFOMBRA BA\u00d1O CROCHET AQUA - Durango Hogar","isPartOf":{"@id":"https:\/\/tienda.durangohogar.com\/#website"},"primaryImageOfPage":{"@id":"https:\/\/tienda.durangohogar.com\/producto\/alfombra-bano-crochet-aqua\/#primaryimage"},"image":{"@id":"https:\/\/tienda.durangohogar.com\/producto\/alfombra-bano-crochet-aqua\/#primaryimage"},"thumbnailUrl":"https:\/\/tienda.durangohogar.com\/wp-content\/uploads\/2024\/12\/Crochet-401-aqua.webp","datePublished":"2024-12-26T11:35:25+00:00","breadcrumb":{"@id":"https:\/\/tienda.durangohogar.com\/producto\/alfombra-bano-crochet-aqua\/#breadcrumb"},"inLanguage":"eu","potentialAction":[{"@type":"ReadAction","target":["https:\/\/tienda.durangohogar.com\/producto\/alfombra-bano-crochet-aqua\/"]}]},{"@type":"ImageObject","inLanguage":"eu","@id":"https:\/\/tienda.durangohogar.com\/producto\/alfombra-bano-crochet-aqua\/#primaryimage","url":"https:\/\/tienda.durangohogar.com\/wp-content\/uploads\/2024\/12\/Crochet-401-aqua.webp","contentUrl":"https:\/\/tienda.durangohogar.com\/wp-content\/uploads\/2024\/12\/Crochet-401-aqua.webp","width":911,"height":588},{"@type":"BreadcrumbList","@id":"https:\/\/tienda.durangohogar.com\/producto\/alfombra-bano-crochet-aqua\/#breadcrumb","itemListElement":[{"@type":"ListItem","position":1,"name":"Portada","item":"https:\/\/tienda.durangohogar.com\/"},{"@type":"ListItem","position":2,"name":"Tienda","item":"https:\/\/tienda.durangohogar.com\/"},{"@type":"ListItem","position":3,"name":"ALFOMBRA BA\u00d1O CROCHET AQUA"}]},{"@type":"WebSite","@id":"https:\/\/tienda.durangohogar.com\/#website","url":"https:\/\/tienda.durangohogar.com\/","name":"Durango Hogar","description":"Venta de cortinas, toallas, mantas, alfombras a medida, n\u00f3rdicos y mucho m\u00e1s solo el Durango Hogar. \u00bfA qu\u00e9 esperas para visitarnos?","publisher":{"@id":"https:\/\/tienda.durangohogar.com\/#organization"},"potentialAction":[{"@type":"SearchAction","target":{"@type":"EntryPoint","urlTemplate":"https:\/\/tienda.durangohogar.com\/?s={search_term_string}"},"query-input":{"@type":"PropertyValueSpecification","valueRequired":true,"valueName":"search_term_string"}}],"inLanguage":"eu"},{"@type":"Organization","@id":"https:\/\/tienda.durangohogar.com\/#organization","name":"Durango Hogar","url":"https:\/\/tienda.durangohogar.com\/","logo":{"@type":"ImageObject","inLanguage":"eu","@id":"https:\/\/tienda.durangohogar.com\/#\/schema\/logo\/image\/","url":"https:\/\/tienda.durangohogar.com\/wp-content\/uploads\/2024\/04\/cropped-DURANGO-HOGAR_Mesa-de-trabajo-1-1.png","contentUrl":"https:\/\/tienda.durangohogar.com\/wp-content\/uploads\/2024\/04\/cropped-DURANGO-HOGAR_Mesa-de-trabajo-1-1.png","width":1920,"height":816,"caption":"Durango Hogar"},"image":{"@id":"https:\/\/tienda.durangohogar.com\/#\/schema\/logo\/image\/"}}]}},"jetpack_sharing_enabled":true,"_links":{"self":[{"href":"https:\/\/tienda.durangohogar.com\/eus\/wp-json\/wp\/v2\/product\/6499","targetHints":{"allow":["GET"]}}],"collection":[{"href":"https:\/\/tienda.durangohogar.com\/eus\/wp-json\/wp\/v2\/product"}],"about":[{"href":"https:\/\/tienda.durangohogar.com\/eus\/wp-json\/wp\/v2\/types\/product"}],"replies":[{"embeddable":true,"href":"https:\/\/tienda.durangohogar.com\/eus\/wp-json\/wp\/v2\/comments?post=6499"}],"wp:featuredmedia":[{"embeddable":true,"href":"https:\/\/tienda.durangohogar.com\/eus\/wp-json\/wp\/v2\/media\/6500"}],"wp:attachment":[{"href":"https:\/\/tienda.durangohogar.com\/eus\/wp-json\/wp\/v2\/media?parent=6499"}],"wp:term":[{"taxonomy":"product_brand","embeddable":true,"href":"https:\/\/tienda.durangohogar.com\/eus\/wp-json\/wp\/v2\/product_brand?post=6499"},{"taxonomy":"product_cat","embeddable":true,"href":"https:\/\/tienda.durangohogar.com\/eus\/wp-json\/wp\/v2\/product_cat?post=6499"},{"taxonomy":"product_tag","embeddable":true,"href":"https:\/\/tienda.durangohogar.com\/eus\/wp-json\/wp\/v2\/product_tag?post=6499"}],"curies":[{"name":"wp","href":"https:\/\/api.w.org\/{rel}","templated":true}]}}