{"id":5025,"date":"2024-11-05T08:47:13","date_gmt":"2024-11-05T07:47:13","guid":{"rendered":"https:\/\/tienda.durangohogar.com\/?post_type=product&#038;p=5025"},"modified":"2024-11-05T08:54:13","modified_gmt":"2024-11-05T07:54:13","slug":"manta-terciopelo-cama-y-sofa","status":"publish","type":"product","link":"https:\/\/tienda.durangohogar.com\/eus\/produktua\/manta-terciopelo-cama-y-sofa\/","title":{"rendered":"MANTA TERCIOPELO CAMA Y SOFA"},"content":{"rendered":"<p><strong>Manta Terciopelo para Cama y Sof\u00e1<\/strong><br \/>\nDisfruta de la comodidad y el estilo con nuestra Manta de Terciopelo, ideal para cama y sof\u00e1. Suave al tacto y c\u00e1lida, esta manta ofrece abrigo sin ocupar mucho espacio, lo que facilita su almacenamiento. Perfecta para usarla en cualquier momento y tener siempre a mano un toque de confort y elegancia en tu hogar.<\/p>","protected":false},"excerpt":{"rendered":"<p><strong>Manta Terciopelo para Cama y Sof\u00e1<\/strong><br \/>\nDisfruta de la comodidad y el estilo con nuestra Manta de Terciopelo, ideal para cama y sof\u00e1. Suave al tacto y c\u00e1lida, esta manta ofrece abrigo sin ocupar mucho espacio, lo que facilita su almacenamiento. Perfecta para usarla en cualquier momento y tener siempre a mano un toque de confort y elegancia en tu hogar.<\/p>","protected":false},"featured_media":5042,"comment_status":"open","ping_status":"closed","template":"","meta":[],"product_brand":[],"product_cat":[42],"product_tag":[],"class_list":{"0":"post-5025","1":"product","2":"type-product","3":"status-publish","4":"has-post-thumbnail","6":"product_cat-mantas","8":"first","9":"instock","10":"taxable","11":"shipping-taxable","12":"purchasable","13":"product-type-variable"},"yoast_head":"<!-- This site is optimized with the Yoast SEO plugin v27.6 - https:\/\/yoast.com\/product\/yoast-seo-wordpress\/ -->\n<title>MANTA TERCIOPELO CAMA Y SOFA - Durango Hogar<\/title>\n<meta name=\"description\" content=\"Manta de terciopelo suave y c\u00e1lida para cama y sof\u00e1, ideal para cualquier temporada. Compacta y f\u00e1cil de almacenar, perfecta para a\u00f1adir confort y elegancia a tu hogar.\" \/>\n<meta name=\"robots\" content=\"index, follow, max-snippet:-1, max-image-preview:large, max-video-preview:-1\" \/>\n<link rel=\"canonical\" href=\"https:\/\/tienda.durangohogar.com\/eus\/produktua\/manta-terciopelo-cama-y-sofa\/\" \/>\n<meta property=\"og:locale\" content=\"en_US\" \/>\n<meta property=\"og:type\" content=\"article\" \/>\n<meta property=\"og:title\" content=\"MANTA TERCIOPELO CAMA Y SOFA - Durango Hogar\" \/>\n<meta property=\"og:description\" content=\"Manta de terciopelo suave y c\u00e1lida para cama y sof\u00e1, ideal para cualquier temporada. Compacta y f\u00e1cil de almacenar, perfecta para a\u00f1adir confort y elegancia a tu hogar.\" \/>\n<meta property=\"og:url\" content=\"https:\/\/tienda.durangohogar.com\/eus\/produktua\/manta-terciopelo-cama-y-sofa\/\" \/>\n<meta property=\"og:site_name\" content=\"Durango Hogar\" \/>\n<meta property=\"article:modified_time\" content=\"2024-11-05T07:54:13+00:00\" \/>\n<meta property=\"og:image\" content=\"https:\/\/tienda.durangohogar.com\/wp-content\/uploads\/2024\/11\/PHOTO-2024-10-22-16-14-461.jpg\" \/>\n\t<meta property=\"og:image:width\" content=\"1089\" \/>\n\t<meta property=\"og:image:height\" content=\"1600\" \/>\n\t<meta property=\"og:image:type\" content=\"image\/jpeg\" \/>\n<meta name=\"twitter:card\" content=\"summary_large_image\" \/>\n<meta name=\"twitter:label1\" content=\"Est. reading time\" \/>\n\t<meta name=\"twitter:data1\" content=\"1 minutua\" \/>\n<script type=\"application\/ld+json\" class=\"yoast-schema-graph\">{\"@context\":\"https:\\\/\\\/schema.org\",\"@graph\":[{\"@type\":\"WebPage\",\"@id\":\"https:\\\/\\\/tienda.durangohogar.com\\\/producto\\\/manta-terciopelo-cama-y-sofa\\\/\",\"url\":\"https:\\\/\\\/tienda.durangohogar.com\\\/producto\\\/manta-terciopelo-cama-y-sofa\\\/\",\"name\":\"MANTA TERCIOPELO CAMA Y SOFA - Durango Hogar\",\"isPartOf\":{\"@id\":\"https:\\\/\\\/tienda.durangohogar.com\\\/#website\"},\"primaryImageOfPage\":{\"@id\":\"https:\\\/\\\/tienda.durangohogar.com\\\/producto\\\/manta-terciopelo-cama-y-sofa\\\/#primaryimage\"},\"image\":{\"@id\":\"https:\\\/\\\/tienda.durangohogar.com\\\/producto\\\/manta-terciopelo-cama-y-sofa\\\/#primaryimage\"},\"thumbnailUrl\":\"https:\\\/\\\/tienda.durangohogar.com\\\/wp-content\\\/uploads\\\/2024\\\/11\\\/PHOTO-2024-10-22-16-14-461.jpg\",\"datePublished\":\"2024-11-05T07:47:13+00:00\",\"dateModified\":\"2024-11-05T07:54:13+00:00\",\"description\":\"Manta de terciopelo suave y c\u00e1lida para cama y sof\u00e1, ideal para cualquier temporada. Compacta y f\u00e1cil de almacenar, perfecta para a\u00f1adir confort y elegancia a tu hogar.\",\"breadcrumb\":{\"@id\":\"https:\\\/\\\/tienda.durangohogar.com\\\/producto\\\/manta-terciopelo-cama-y-sofa\\\/#breadcrumb\"},\"inLanguage\":\"eu\",\"potentialAction\":[{\"@type\":\"ReadAction\",\"target\":[\"https:\\\/\\\/tienda.durangohogar.com\\\/producto\\\/manta-terciopelo-cama-y-sofa\\\/\"]}]},{\"@type\":\"ImageObject\",\"inLanguage\":\"eu\",\"@id\":\"https:\\\/\\\/tienda.durangohogar.com\\\/producto\\\/manta-terciopelo-cama-y-sofa\\\/#primaryimage\",\"url\":\"https:\\\/\\\/tienda.durangohogar.com\\\/wp-content\\\/uploads\\\/2024\\\/11\\\/PHOTO-2024-10-22-16-14-461.jpg\",\"contentUrl\":\"https:\\\/\\\/tienda.durangohogar.com\\\/wp-content\\\/uploads\\\/2024\\\/11\\\/PHOTO-2024-10-22-16-14-461.jpg\",\"width\":1089,\"height\":1600},{\"@type\":\"BreadcrumbList\",\"@id\":\"https:\\\/\\\/tienda.durangohogar.com\\\/producto\\\/manta-terciopelo-cama-y-sofa\\\/#breadcrumb\",\"itemListElement\":[{\"@type\":\"ListItem\",\"position\":1,\"name\":\"Portada\",\"item\":\"https:\\\/\\\/tienda.durangohogar.com\\\/\"},{\"@type\":\"ListItem\",\"position\":2,\"name\":\"Tienda\",\"item\":\"https:\\\/\\\/tienda.durangohogar.com\\\/\"},{\"@type\":\"ListItem\",\"position\":3,\"name\":\"MANTA TERCIOPELO CAMA Y SOFA\"}]},{\"@type\":\"WebSite\",\"@id\":\"https:\\\/\\\/tienda.durangohogar.com\\\/#website\",\"url\":\"https:\\\/\\\/tienda.durangohogar.com\\\/\",\"name\":\"Durango Hogar\",\"description\":\"Venta de cortinas, toallas, mantas, alfombras a medida, n\u00f3rdicos y mucho m\u00e1s solo el Durango Hogar. \u00bfA qu\u00e9 esperas para visitarnos?\",\"publisher\":{\"@id\":\"https:\\\/\\\/tienda.durangohogar.com\\\/#organization\"},\"potentialAction\":[{\"@type\":\"SearchAction\",\"target\":{\"@type\":\"EntryPoint\",\"urlTemplate\":\"https:\\\/\\\/tienda.durangohogar.com\\\/?s={search_term_string}\"},\"query-input\":{\"@type\":\"PropertyValueSpecification\",\"valueRequired\":true,\"valueName\":\"search_term_string\"}}],\"inLanguage\":\"eu\"},{\"@type\":\"Organization\",\"@id\":\"https:\\\/\\\/tienda.durangohogar.com\\\/#organization\",\"name\":\"Durango Hogar\",\"url\":\"https:\\\/\\\/tienda.durangohogar.com\\\/\",\"logo\":{\"@type\":\"ImageObject\",\"inLanguage\":\"eu\",\"@id\":\"https:\\\/\\\/tienda.durangohogar.com\\\/#\\\/schema\\\/logo\\\/image\\\/\",\"url\":\"https:\\\/\\\/tienda.durangohogar.com\\\/wp-content\\\/uploads\\\/2024\\\/04\\\/cropped-DURANGO-HOGAR_Mesa-de-trabajo-1-1.png\",\"contentUrl\":\"https:\\\/\\\/tienda.durangohogar.com\\\/wp-content\\\/uploads\\\/2024\\\/04\\\/cropped-DURANGO-HOGAR_Mesa-de-trabajo-1-1.png\",\"width\":1920,\"height\":816,\"caption\":\"Durango Hogar\"},\"image\":{\"@id\":\"https:\\\/\\\/tienda.durangohogar.com\\\/#\\\/schema\\\/logo\\\/image\\\/\"}}]}<\/script>\n<!-- \/ Yoast SEO plugin. -->","yoast_head_json":{"title":"MANTA TERCIOPELO CAMA Y SOFA - Durango Hogar","description":"Manta de terciopelo suave y c\u00e1lida para cama y sof\u00e1, ideal para cualquier temporada. Compacta y f\u00e1cil de almacenar, perfecta para a\u00f1adir confort y elegancia a tu hogar.","robots":{"index":"index","follow":"follow","max-snippet":"max-snippet:-1","max-image-preview":"max-image-preview:large","max-video-preview":"max-video-preview:-1"},"canonical":"https:\/\/tienda.durangohogar.com\/eus\/produktua\/manta-terciopelo-cama-y-sofa\/","og_locale":"en_US","og_type":"article","og_title":"MANTA TERCIOPELO CAMA Y SOFA - Durango Hogar","og_description":"Manta de terciopelo suave y c\u00e1lida para cama y sof\u00e1, ideal para cualquier temporada. Compacta y f\u00e1cil de almacenar, perfecta para a\u00f1adir confort y elegancia a tu hogar.","og_url":"https:\/\/tienda.durangohogar.com\/eus\/produktua\/manta-terciopelo-cama-y-sofa\/","og_site_name":"Durango Hogar","article_modified_time":"2024-11-05T07:54:13+00:00","og_image":[{"width":1089,"height":1600,"url":"https:\/\/tienda.durangohogar.com\/wp-content\/uploads\/2024\/11\/PHOTO-2024-10-22-16-14-461.jpg","type":"image\/jpeg"}],"twitter_card":"summary_large_image","twitter_misc":{"Est. reading time":"1 minutua"},"schema":{"@context":"https:\/\/schema.org","@graph":[{"@type":"WebPage","@id":"https:\/\/tienda.durangohogar.com\/producto\/manta-terciopelo-cama-y-sofa\/","url":"https:\/\/tienda.durangohogar.com\/producto\/manta-terciopelo-cama-y-sofa\/","name":"MANTA TERCIOPELO CAMA Y SOFA - Durango Hogar","isPartOf":{"@id":"https:\/\/tienda.durangohogar.com\/#website"},"primaryImageOfPage":{"@id":"https:\/\/tienda.durangohogar.com\/producto\/manta-terciopelo-cama-y-sofa\/#primaryimage"},"image":{"@id":"https:\/\/tienda.durangohogar.com\/producto\/manta-terciopelo-cama-y-sofa\/#primaryimage"},"thumbnailUrl":"https:\/\/tienda.durangohogar.com\/wp-content\/uploads\/2024\/11\/PHOTO-2024-10-22-16-14-461.jpg","datePublished":"2024-11-05T07:47:13+00:00","dateModified":"2024-11-05T07:54:13+00:00","description":"Manta de terciopelo suave y c\u00e1lida para cama y sof\u00e1, ideal para cualquier temporada. Compacta y f\u00e1cil de almacenar, perfecta para a\u00f1adir confort y elegancia a tu hogar.","breadcrumb":{"@id":"https:\/\/tienda.durangohogar.com\/producto\/manta-terciopelo-cama-y-sofa\/#breadcrumb"},"inLanguage":"eu","potentialAction":[{"@type":"ReadAction","target":["https:\/\/tienda.durangohogar.com\/producto\/manta-terciopelo-cama-y-sofa\/"]}]},{"@type":"ImageObject","inLanguage":"eu","@id":"https:\/\/tienda.durangohogar.com\/producto\/manta-terciopelo-cama-y-sofa\/#primaryimage","url":"https:\/\/tienda.durangohogar.com\/wp-content\/uploads\/2024\/11\/PHOTO-2024-10-22-16-14-461.jpg","contentUrl":"https:\/\/tienda.durangohogar.com\/wp-content\/uploads\/2024\/11\/PHOTO-2024-10-22-16-14-461.jpg","width":1089,"height":1600},{"@type":"BreadcrumbList","@id":"https:\/\/tienda.durangohogar.com\/producto\/manta-terciopelo-cama-y-sofa\/#breadcrumb","itemListElement":[{"@type":"ListItem","position":1,"name":"Portada","item":"https:\/\/tienda.durangohogar.com\/"},{"@type":"ListItem","position":2,"name":"Tienda","item":"https:\/\/tienda.durangohogar.com\/"},{"@type":"ListItem","position":3,"name":"MANTA TERCIOPELO CAMA Y SOFA"}]},{"@type":"WebSite","@id":"https:\/\/tienda.durangohogar.com\/#website","url":"https:\/\/tienda.durangohogar.com\/","name":"Durango Hogar","description":"Venta de cortinas, toallas, mantas, alfombras a medida, n\u00f3rdicos y mucho m\u00e1s solo el Durango Hogar. \u00bfA qu\u00e9 esperas para visitarnos?","publisher":{"@id":"https:\/\/tienda.durangohogar.com\/#organization"},"potentialAction":[{"@type":"SearchAction","target":{"@type":"EntryPoint","urlTemplate":"https:\/\/tienda.durangohogar.com\/?s={search_term_string}"},"query-input":{"@type":"PropertyValueSpecification","valueRequired":true,"valueName":"search_term_string"}}],"inLanguage":"eu"},{"@type":"Organization","@id":"https:\/\/tienda.durangohogar.com\/#organization","name":"Durango Hogar","url":"https:\/\/tienda.durangohogar.com\/","logo":{"@type":"ImageObject","inLanguage":"eu","@id":"https:\/\/tienda.durangohogar.com\/#\/schema\/logo\/image\/","url":"https:\/\/tienda.durangohogar.com\/wp-content\/uploads\/2024\/04\/cropped-DURANGO-HOGAR_Mesa-de-trabajo-1-1.png","contentUrl":"https:\/\/tienda.durangohogar.com\/wp-content\/uploads\/2024\/04\/cropped-DURANGO-HOGAR_Mesa-de-trabajo-1-1.png","width":1920,"height":816,"caption":"Durango Hogar"},"image":{"@id":"https:\/\/tienda.durangohogar.com\/#\/schema\/logo\/image\/"}}]}},"jetpack_sharing_enabled":true,"_links":{"self":[{"href":"https:\/\/tienda.durangohogar.com\/eus\/wp-json\/wp\/v2\/product\/5025","targetHints":{"allow":["GET"]}}],"collection":[{"href":"https:\/\/tienda.durangohogar.com\/eus\/wp-json\/wp\/v2\/product"}],"about":[{"href":"https:\/\/tienda.durangohogar.com\/eus\/wp-json\/wp\/v2\/types\/product"}],"replies":[{"embeddable":true,"href":"https:\/\/tienda.durangohogar.com\/eus\/wp-json\/wp\/v2\/comments?post=5025"}],"wp:featuredmedia":[{"embeddable":true,"href":"https:\/\/tienda.durangohogar.com\/eus\/wp-json\/wp\/v2\/media\/5042"}],"wp:attachment":[{"href":"https:\/\/tienda.durangohogar.com\/eus\/wp-json\/wp\/v2\/media?parent=5025"}],"wp:term":[{"taxonomy":"product_brand","embeddable":true,"href":"https:\/\/tienda.durangohogar.com\/eus\/wp-json\/wp\/v2\/product_brand?post=5025"},{"taxonomy":"product_cat","embeddable":true,"href":"https:\/\/tienda.durangohogar.com\/eus\/wp-json\/wp\/v2\/product_cat?post=5025"},{"taxonomy":"product_tag","embeddable":true,"href":"https:\/\/tienda.durangohogar.com\/eus\/wp-json\/wp\/v2\/product_tag?post=5025"}],"curies":[{"name":"wp","href":"https:\/\/api.w.org\/{rel}","templated":true}]}}